{"id":322,"date":"2014-01-20T10:29:27","date_gmt":"2014-01-20T09:29:27","guid":{"rendered":"http:\/\/arbaminch.no\/?page_id=322"},"modified":"2014-01-20T10:29:27","modified_gmt":"2014-01-20T09:29:27","slug":"om-oss","status":"publish","type":"page","link":"https:\/\/arbaminch.no\/om-oss\/","title":{"rendered":"Om oss"},"content":{"rendered":"<p><strong><em>STIFTELSEN FRAMTID OG H\u00c5P<\/em><\/strong><\/p>\n<p><strong><em>Framtid og H\u00e5p er<\/em><\/strong><strong> <\/strong>en privat stiftelse med basis i Sykkylven. Den ble stifta i 2009 med det form\u00e5l \u00e5 st\u00f8tte skolebygging og utdanning i u-land.<\/p>\n<p>Framtid og H\u00e5p har som form\u00e5l \u00e5:<\/p>\n<ul>\n<li>Samleinn midler til \u00e5 bygge skoler i u-land<\/li>\n<li>Gi st\u00f8tte til utdanning i U-land<\/li>\n<li>Oppmuntre og engasjere norske ungdommer til solidaritetsarbeid<\/li>\n<li>Drive foreningen p\u00e5 ideelt grunnlag<\/li>\n<\/ul>\n<p>Med andre ord er det ingen av de som er engasjert i eller arbeider for <strong><em>Framtid og H\u00e5p<\/em><\/strong> som f\u00e5r noen form for l\u00f8nn eller kompensasjon.\u00a0 Eneste unntak er de elevene som har blitt valgt ut fra videreg\u00e5ende skoler til \u00e5 se framgangen i prosjektet. De f\u00e5r dekt reise og skal rapportere tilbake til sine respektive skoler f\u00f8r elevene skal jobbe for prosjektet.<\/p>\n<p>Stiftelsen er registrert i Br\u00f8nn\u00f8ysundregisteret og det reviderte regnskapet blir hvert \u00e5r lagt fram .<\/p>\n<p><strong>Stiftelsen har kontonummer <\/strong><strong>3910.3746438<\/strong><\/p>\n<p><strong>Framtid og H\u00e5p<\/strong><\/p>\n<p><strong>Skolebygg i U-land<\/strong><\/p>\n<p><strong>6230 Sykkylven<\/strong><\/p>\n<p>Per 15.1 2014 sitter f\u00f8lgende i styret for <strong><em>Framtid og H\u00e5p:<\/em><\/strong><\/p>\n<p>Steinar Myklebust, Ole Andreas Utg\u00e5rd, Magnar Aursnes, Aleksander Ekornes,\u00a0\u00a0 \u00a0\u00a0Solveig Klungs\u00f8yr, Arnstein Dahl , Rolf Slyngstadli<\/p>\n<p><span style=\"text-decoration: underline;\">\u00a0 \u00a0 \u00a0 \u00a0 \u00a0 \u00a0 \u00a0 \u00a0 \u00a0 \u00a0 \u00a0 \u00a0 \u00a0 \u00a0 \u00a0 \u00a0 \u00a0 \u00a0 \u00a0 \u00a0 \u00a0 \u00a0 \u00a0 \u00a0 \u00a0 \u00a0 \u00a0 \u00a0 \u00a0 \u00a0 \u00a0 \u00a0 \u00a0 \u00a0 \u00a0 \u00a0 \u00a0 \u00a0 \u00a0 \u00a0 \u00a0 \u00a0 \u00a0 \u00a0 \u00a0 \u00a0 \u00a0 \u00a0 \u00a0 \u00a0 \u00a0 \u00a0 \u00a0 \u00a0 \u00a0 \u00a0 \u00a0 \u00a0 \u00a0 \u00a0 \u00a0 \u00a0 \u00a0 \u00a0 \u00a0 \u00a0 \u00a0 \u00a0 \u00a0 \u00a0 \u00a0\u00a0<\/span><\/p>\n<p><strong>M\u00c5LET ER N\u00c5DD!<\/strong><\/p>\n<p><strong>1. TIL 8. <\/strong><strong>KLASSE ER FULLF\u00d8RT <\/strong><\/p>\n<p>&nbsp;<\/p>\n<p>Etter fire \u00e5r med innsamling er m\u00e5let med \u00e5 bygge en fullverdig skole fra 1. til 8. klasse n\u00e5 n\u00e5dd. Dette \u00e5ret g\u00e5r det allerede 520 barn p\u00e5 Future Hope Academy i Arba Minch, S\u00f8rvest Etiopia.<\/p>\n<p>Dr\u00f8mmen deres har g\u00e5tt i oppfylling og mange har v\u00e6rt med p\u00e5 \u00e5 gj\u00f8re det mulig. I l\u00f8pet av disse fire \u00e5ra har de og f\u00e5tt et akutt behov for barnehage slik at tallet p\u00e5 elever blir litt redusert og ei klasse barnehagebarn er tatt inn.<\/p>\n<p>8 oktober 2013 ble de to siste bygningene, en administrasjonsfl\u00f8y og en klasseromsfl\u00f8y innviet. Det var <strong>stor <\/strong>begeistring med tale, sang, gaver, musikk og god mat.<\/p>\n<p>Heile 34 Norgesgjester var til stede, 12 elever og l\u00e6rere fra de videreg\u00e5ende skolene i Sykkylven, Spjelkavik og Ulsteinvik samt 22 andre personer som st\u00f8tter prosjektet, inklusive de to, Steinar og Ole Andreas, som fikk ideen til \u00e5 engasjere b\u00e5de unge og eldre i et skoleprosjekt. Alle disse fikk se prosjektet p\u00e5 n\u00e6rt hold og det gjorde stort inntrykk!<\/p>\n<p>&nbsp;<\/p>\n<p>Fra f\u00f8r er det bygd to klasseromsfl\u00f8yer med i alt 10 klasserom. \u00a0Den tredje fl\u00f8ya har pedagogisk senter og geografirom. Utenom det opprinnelige budsjettet er det ogs\u00e5 bygd bro over elva, og ei lunsjhytta, i tillegg til at det er laga til et omr\u00e5de for uteaktiviteter, slik det kreves fra myndighetenes side<\/p>\n<p>Det reviderte budsjettet for prosjektet var 3.998.986 birr ( fr\u00e5 1,3 til 1,6 millioner alt etter kursen p\u00e5 birr som har forandra seg\u00a0 fra prosjektet\u00a0 blei begynt). Til sammen er det overf\u00f8rt Nok 1\u00a0585\u00a0000, av disse er 308\u00a0000 birr, vel 100 000 Nok, brukt til forskjellige poster (se ovenfor) som ikke var p\u00e5 budsjettet, men som Framtid og H\u00e5p har v\u00e6rt enige i og oppfordra ti,l eller som myndighetene har krevd. Den endelige kostnaden for sj\u00f8lve skolen blir da i norske kroner ca 1,48 mill. Det synes vi er bra n\u00e5r en tar i betraktning den store prisoppgangen som har v\u00e6rt i Etiopia.<\/p>\n<p>Siden alt har g\u00e5tt etter planen og raskere enn vi turde h\u00e5pe p\u00e5, foresl\u00e5r vi n\u00e5 \u00e5 fortsette:<br \/>\n<strong><\/strong><\/p>\n<p><strong>NYTT UTVIDA PROSJEKT<\/strong><\/p>\n<p>Mekane Yesus kirka i Arba Minch, Etiopia vil sv\u00e6rt gjerne utvide skolen til ogs\u00e5 \u00e5 dekke 9. og 10. klasse og etter det ogs\u00e5 11. og 12. klasse. De er lovt god st\u00f8tte fra lokale myndigheter.<\/p>\n<p>Det er jo dyrere \u00e5 bygge skole p\u00e5 videreg\u00e5ende niv\u00e5, men st\u00f8tten fra b\u00e5de Sykkylven vgs, Spjelkavik vgs og n\u00e5 ogs\u00e5 Ulstein vgs med en jobbedag i \u00e5ret, gjorde at styret i stiftelsen Framtid og H\u00e5p fant det var grunnlag for \u00e5 g\u00e5 videre.<\/p>\n<p>Totalt estimert budsjett for 9-12 klasse er 4.620.000 birr som utifra kursen i dag tilsvarer ca 1,54 mill Nok.\u00a0 Det vil nok iallfall ta 3-4 \u00e5r \u00e5 gjennomf\u00f8re prosjektet alt etter st\u00f8tten prosjektet f\u00e5r.<\/p>\n<p>&nbsp;<\/p>\n<p>&nbsp;<\/p>\n","protected":false},"excerpt":{"rendered":"<p>STIFTELSEN FRAMTID OG H\u00c5P Framtid og H\u00e5p er en privat stiftelse med basis i Sykkylven. Den ble stifta i 2009 med det form\u00e5l \u00e5 st\u00f8tte skolebygging og utdanning i u-land. Framtid og H\u00e5p har som form\u00e5l \u00e5: Samleinn midler til &hellip; <a href=\"https:\/\/arbaminch.no\/om-oss\/\">Continue reading <span class=\"meta-nav\">&rarr;<\/span><\/a><\/p>\n","protected":false},"author":1,"featured_media":0,"parent":0,"menu_order":0,"comment_status":"closed","ping_status":"closed","template":"","meta":[],"_links":{"self":[{"href":"https:\/\/arbaminch.no\/wp-json\/wp\/v2\/pages\/322"}],"collection":[{"href":"https:\/\/arbaminch.no\/wp-json\/wp\/v2\/pages"}],"about":[{"href":"https:\/\/arbaminch.no\/wp-json\/wp\/v2\/types\/page"}],"author":[{"embeddable":true,"href":"https:\/\/arbaminch.no\/wp-json\/wp\/v2\/users\/1"}],"replies":[{"embeddable":true,"href":"https:\/\/arbaminch.no\/wp-json\/wp\/v2\/comments?post=322"}],"version-history":[{"count":4,"href":"https:\/\/arbaminch.no\/wp-json\/wp\/v2\/pages\/322\/revisions"}],"predecessor-version":[{"id":328,"href":"https:\/\/arbaminch.no\/wp-json\/wp\/v2\/pages\/322\/revisions\/328"}],"wp:attachment":[{"href":"https:\/\/arbaminch.no\/wp-json\/wp\/v2\/media?parent=322"}],"curies":[{"name":"wp","href":"https:\/\/api.w.org\/{rel}","templated":true}]}}